of 488418?
8
What is the hundred thousands digit of 106379?
1
What is the ten thousands digit of 413324?
1
What is the ten thousands digit of 2205085?
0
What is the units digit of 7232831?
1
What is the units digit of 681537?
7
What is the thousands digit of 9037996?
7
What is the thousands digit of 521386?
1
What is the ten thousands digit of 358576?
5
What is the hundred thousands digit of 1176036?
1
What is the tens digit of 300957?
5
What is the hundred thousands digit of 819941?
8
What is the tens digit of 689114?
1
What is the hundred thousands digit of 40457376?
4
What is the units digit of 846748?
8
What is the hundred thousands digit of 1133077?
1
What is the hundred thousands digit of 15598155?
5
What is the hundreds digit of 813659?
6
What is the hundreds digit of 269477?
4
What is the ten thousands digit of 728766?
2
What is the ten thousands digit of 1350891?
5
What is the hundred thousands digit of 4712319?
7
What is the millions digit of 1106405?
1
What is the hundreds digit of 713834?
8
What is the ten thousands digit of 4310170?
1
What is the hundreds digit of 39055?
0
What is the hundreds digit of 2108514?
5
What is the thousands digit of 51247?
1
What is the ten thousands digit of 788306?
8
What is the hundred thousands digit of 809151?
8
What is the units digit of 3785?
5
What is the hundreds digit of 168005?
0
What is the units digit of 8130964?
4
What is the ten thousands digit of 4939688?
3
What is the millions digit of 11561126?
1
What is the millions digit of 4668105?
4
What is the thousands digit of 758870?
8
What is the ten thousands digit of 22425140?
2
What is the thousands digit of 726453?
6
What is the hundreds digit of 9037752?
7
What is the thousands digit of 266273?
6
What is the ten thousands digit of 1363855?
6
What is the units digit of 26030214?
4
What is the ten thousands digit of 2988317?
8
What is the thousands digit of 1831384?
1
What is the hundred thousands digit of 4404052?
4
What is the thousands digit of 77347?
7
What is the tens digit of 372231?
3
What is the thousands digit of 9234628?
4
What is the ten thousands digit of 30264129?
6
What is the thousands digit of 11401713?
1
What is the tens digit of 2287064?
6
What is the hundreds digit of 501967?
9
What is the tens digit of 309812?
1
What is the thousands digit of 556594?
6
What is the hundreds digit of 2328500?
5
What is the millions digit of 32149620?
2
What is the tens digit of 206025?
2
What is the tens digit of 6925531?
3
What is the tens digit of 60820?
2
What is the thousands digit of 5450352?
0
What is the thousands digit of 1342557?
2
What is the millions digit of 5001843?
5
What is the hundred thousands digit of 485229?
4
What is the hundred thousands digit of 5161977?
1
What is the ten thousands digit of 142285?
4
What is the tens digit of 429580?
8
What is the hundred thousands digit of 784022?
7
What is the tens digit of 5101309?
0
What is the hundred thousands digit of 5516218?
5
What is the hundreds digit of 1070548?
5
What is the units digit of 10158434?
4
What is the ten thousands digit of 1704440?
0
What is the thousands digit of 705440?
5
What is the ten thousands digit of 953074?
5
What is the tens digit of 232002?
0
What is the hundreds digit of 60217?
2
What is the thousands digit of 6756787?
6
What is the hundreds digit of 4576719?
7
What is the thousands digit of 26371758?
1
What is the ten thousands digit of 721371?
2
What is the ten thousands digit of 11020477?
2
What is the millions digit of 19462689?
9
What is the millions digit of 1641926?
1
What is the thousands digit of 178611?
8
What is the millions digit of 2255512?
2
What is the thousands digit of 3171479?
1
What is the hundred thousands digit of 127973?
1
What is the ten thousands digit of 168995?
6
What is the hundred thousands digit of 370056?
3
What is the thousands digit of 529423?
9
What is the units digit of 3166936?
6
What is the thousands digit of 2988241?
8
What is the units digit of 413017?
7
What is the ten millions digit of 12380979?
1
What is the ten thousands digit of 379820?
7
What is the tens digit of 43417056?
5
What is the thousands digit of 183780?
3
What is the thousands digit of 123463?
3
What is the thousands digit of 142812?
2
What is the tens digit of 22900780?
8
What is the hundreds digit of 670636?
6
What is the hundred thousands digit of 22242737?
2
What is the millions digit of 31156829?
1
What is the units digit of 541179?
9
What is the units digit of 301271?
1
What is the ten thousands digit of 19248502?
4
What is the units digit of 1946636?
6
What is the thousands digit of 5954739?
4
What is the thousands digit of 18303976?
3
What is the hundred thousands digit of 275570?
2
What is the ten thousands digit of 471792?
7
What is the units digit of 7403275?
5
What is the hundreds digit of 16205779?
7
What is the tens digit of 41062?
6
What is the hundred thousands digit of 6976225?
9
What is the hundreds digit of 938513?
5
What is the hundred thousands digit of 13197713?
1
What is the hundred thousands digit of 3273641?
2
What is the thousands digit of 3501837?
1
What is the ten thousands digit of 263019?
6
What is the units digit of 7454231?
1
What is the hundreds digit of 435578?
5
What is the thousands digit of 56650?
6
What is the units digit of 173539?
9
What is the units digit of 3816537?
7
What is the hundreds digit of 423967?
9
What is the hundreds digit of 18811283?
2
What is the hundreds digit of 1044312?
3
What is the millions digit of 1175874?
1
What is the ten thousands digit of 1458724?
5
What is the units digit of 4324640?
0
What is the units digit of 147364?
4
What is the hundreds digit of 91929?
9
What is the thousands digit of 192326?
2
What is the hundreds digit of 625866?
8
What is the tens digit of 229841?
4
What is the tens digit of 4126423?
2
What is the hundred thousands digit of 3176212?
1
What is the ten thousands digit of 3100501?
0
What is the millions digit of 6978408?
6
What is the hundred thousands digit of 119069?
1
What is the hundred thousands digit of 2373278?
3
What is the tens digit of 60226?
2
What is the hundred thousands digit of 115477?
1
What is the hundred thousands digit of 10325547?
3
What is the millions digit of 9742800?
9
What is the thousands digit of 17255863?
5
What is the units digit of 627950?
0
What is the units digit of 238793?
3
What is the hundred thousands digit of 2509881?
5
What is the units digit of 10865105?
5
What is the hundreds digit of 1473459?
4
What is the units digit of 1309668?
8
What is the hundreds digit of 7785756?
7
What is the thousands digit of 442149?
2
What is the ten thousands digit of 190572?
9
What is the hundreds digit of 193575?
5
What is the hundreds digit of 36636?
6
What is the hundreds digit of 261296?
2
What is the thousands digit of 466502?
6
What is the thousands digit of 365126?
5
What is the tens digit of 133869?
6
What is the units digit of 115931?
1
What is the tens digit of 36300154?
5
What is the ten thousands digit of 939831?
3
What is the ten thousands digit of 732797?
3
What is the tens digit of 3494502?
0
What is the millions digit of 2743043?
2
What is the ten thousands digit of 104121?
0
What is the hundred thousands digit of 502827?
5
What is the hundreds digit of 2808361?
3
What is the hundred thousands digit of 400111?
4
What is the ten millions digit of 19582215?
1
What is the thousands digit of 66078?
6
What is the ten thousands digit of 3430289?
3
What is the hundreds digit of 16886?
8
What is the hundreds digit of 1657833?
8
What is the ten thousands digit of 3366191?
6
What is the hundred thousands digit of 327776?
3
What is the hundreds digit of 64943?
9
What is the hundreds digit of 14595408?
4
What is the tens digit of 350447?
4
What is the units digit of 1082401?
1
What is the units digit of 13233093?
3
What is the units digit of 364700?
0
What is the hundred thousands digit of 22109372?
1
What is the units digit of 5060411?
1
What is the hundred thousands digit of 186123?
1
What is the millions digit of 6874026?
6
What is the tens digit of 18938287?
8
What is the ten thousands digit of 5868647?
6
What is the tens digit of 1390434?
3
What is the ten thousands digit of 3227872?
2
What is the thousands digit of 89255